 u(3)?
True
Let u(k) = k**2 - 11*k - 15. Suppose 45 = -3*z - 2*z. Does 54 divide u(z)?
False
Suppose 7*z - 3*z - 3*a = 24, -z + 5*a + 23 = 0. Suppose 227 = z*x - 2*l, 2*l + 304 = 4*x - 2*l. Is (x - 0) + (-2)/2 a multiple of 28?
False
Let x(o) = -6*o**3 + 2*o**2 + 6*o + 5. Let w be 18/(-6) - (0/1 - 0). Is 33 a factor of x(w)?
False
Suppose 4*r + 3*k + 290 = 987, 3*r - 549 = 3*k. Does 23 divide r?
False
Let h(t) = t**3 - 11*t**2 - 10*t - 13. Let g be h(12). Let z = -3 + g. Is 18/(-1)*(-4)/z a multiple of 9?
True
Suppose -12 = -2*i + 4*m, -2*m = -2*i - 3 + 15. Suppose 50 = i*t - t - s, 5*t - 45 = 2*s. Suppose -3*o = -t - 10. Does 2 divide o?
False
Let t = -4 - -4. Let r(z) = -z**3 - z**2 + 2. Let v be r(t). Let j = 37 + v. Does 21 divide j?
False
Suppose -3 + 15 = 4*a. Suppose -m + 4*h = -16, -90 = -m - 3*m + a*h. Is 1/(-4) + 1350/m a multiple of 15?
False
Let u(a) = a**3 - 6*a**2 + 5*a. Let x be u(4). Let r = x - -14. Suppose -r*d + 143 = 37. Does 14 divide d?
False
Suppose 3*b - 3323 = 1969. Is 18 a factor of b?
True
Let m(x) = -x**3 - 26*x**2 - 24*x + 18. Let k be m(-25). Is (-128)/(-2) - (-9 - k) a multiple of 9?
False
Is (-1)/(-5) + (50274/(-45))/(-14) a multiple of 9?
False
Let s = 34 - 28. Let y(m) = 2*m**2 - 8*m + 4. Let t be y(s). Suppose -n - n = -t. Does 5 divide n?
False
Let n = 19 - 6. Let a be (-408)/52 - 2/n. Let v = 18 + a. Does 10 divide v?
True
Let m(x) = -x**3 - 6*x**2 + 5*x. Let s be m(-8). Is ((-12)/8)/((-4)/s) a multiple of 11?
True
Let g(l) = 6 - l - 5*l + 5*l + 4*l. Is 2 a factor of g(4)?
True
Suppose 4 - 10 = -3*x, -4*x = -2*i - 10. Is 4 a factor of i/((-5 - -3) + 27/14)?
False
Suppose -j + 31 - 1 = 0. Is j a multiple of 15?
True
Let x be (6/9)/(4/(-12)). Let l be (x - 6)*(-3)/6. Suppose -2*m = -l*m + 12. Is 4 a factor of m?
False
Let i = 3047 - 1461. Is i a multiple of 13?
True
Does 4 divide ((-24)/7)/(17 - (-41660)/(-2450))?
True
Let k(w) = 3*w**2 - 11*w + 181. Is k(13) a multiple of 109?
True
Suppose 5*u - 6 = 4*c - 53, -3*u = 4*c - 55. Let i(h) = 15 + h + 0*h + h. Is 16 a factor of i(c)?
False
Suppose 0 = -36*d + 72315 - 12411. Is d a multiple of 8?
True
Let o(d) = -67*d**3 - 6*d**2 - 8*d - 15. Is 84 a factor of o(-3)?
True
Let h(r) = -44*r - 79. Is h(-25) a multiple of 47?
False
Let o(b) = -b**3 + 9*b**2 - 13*b - 5. Let j(d) = -d + 1. Let n(c) = 6*j(c) - o(c). Let m be n(8). Let r(k) = 7*k + 4. Is 6 a factor of r(m)?
False
Let l = 246 + 628. Is l a multiple of 19?
True
Suppose 25*w - 26*w - 1801 = -2*b, -3*b + 4*w = -2704. Is b a multiple of 31?
False
Suppose 4*t - 8 = -4*t. Let y(p) = -p - 8. Let q be y(-4). Is 15 a factor of 43 - t - (5 + q)?
False
Is (-825)/22*240/(-9) a multiple of 50?
True
Suppose c - f - 86 = 8, c = 3*f + 102. Suppose 3*v = -2*h - 25 + c, 4*h = -3*v + 67. Does 21 divide v?
True
Let b(x) be the second derivative of -x**5/10 - 2*x**4/3 - x**3/2 - 7*x**2/2 - x. Does 13 divide b(-5)?
False
Let b = -24 - -38. Suppose 0 = 5*t - 21 - b. Is t a multiple of 7?
True
Suppose -2*b + b = 3*y - 7, -4*b + 6 = y. Suppose -2*f - 3 = -d, -5*d + y*d = -3*f - 15. Suppose -6*k = -d*k + 18. Is 9 a factor of k?
True
Let o be (-1)/(-2) - (-8)/(-16). Suppose o = -n - 2*n + 150. Is n a multiple of 25?
True
Is 17 a factor of 2/16*2890*(24 - 20)?
True
Let d be (2 + 15/(-3))*6/(-9). Suppose 0 = d*p + 7 - 455. Is 27 a factor of p?
False
Let d = -6 + 13. Let t = d + -8. Is 39 + t - 4/2 a multiple of 12?
True
Let a(d) = -2*d**2 - 8*d. Let r(z) = z**2 + 1. Let f(l) = a(l) + 3*r(l). Let n be f(8). Let m(c) = 4*c**3 - 2*c**2 + c - 4. Is m(n) a multiple of 15?
False
Let m be 2/5 + (-78)/(-30). Suppose -m*u = -12 + 3. Suppose 2*n + 4*k = 83 + 61, -u*n + 184 = -2*k. Does 16 divide n?
True
Let l be -1 + (-1)/2*2 + 3. Is 25 a factor of l*598/12 - (-1)/6?
True
Let f(a) = a**2 - 13*a + 2. Let s be f(13). Suppose -2*x - 8 = -s*u + 14, 4*x - 4 = -4*u. Is u a multiple of 3?
True
Let d = 1409 + -1354. Is 11 a factor of d?
True
Let g be 6/(-21) + ((-9)/7)/(-1). Is 12 a factor of 75/g + (-2 - 1)?
True
Let y = -686 + 856. Does 85 divide y?
True
Suppose -4*x + 5168 = -2192. Is 46 a factor of x?
True
Let g(b) be the second derivative of 1/6*b**3 + 5/12*b**4 - 3*b - 3/2*b**2 + 0. Is g(-3) a multiple of 15?
False
Let v(s) = s**2 + 7*s - 15. Let c be v(-9). Suppose c*u + 18 = 99. Is u a multiple of 3?
True
Suppose 0 = 16*a - 32*a + 12480. Does 10 divide a?
True
Suppose 136*q = 149*q - 7865. Is 57 a factor of q?
False
Suppose 10*w - 8*w = 64. Suppose -w = -34*v + 33*v. Does 4 divide v?
True
Let q(p) = 7*p**2 - p. Suppose -4*t + 25 - 9 = 0. Let y be q(t). Is (2/(-3))/((-3)/y) a multiple of 12?
True
Suppose 2*u + 0*u - p - 843 = 0, 2*u + p - 837 = 0. Does 10 divide u?
True
Suppose 0 = -3*h + 4*n + 268, 2*h - 3*n + 2*n = 172. Does 3 divide h?
True
Suppose 3*j = h + 11, 2*h - 6*j + j + 17 = 0. Suppose h*g - 4 = -2*z, -13 + 2 = -2*z + 3*g. Suppose 4*l - 231 = -z*q + 65, 2*q + 4*l = 146. Does 15 divide q?
True
Suppose -p + 14 = -70. Does 21 divide p?
True
Let v(u) = 3*u**2 - 38*u - 5. Is 8 a factor of v(13)?
True
Let p = -13 + 24. Let d(v) = 4*v - 3*v - 3*v**2 + 15*v**2 - p*v**2. Is 5 a factor of d(-4)?
False
Is 1/(-3)*(-10759 - -34) a multiple of 13?
True
Suppose 3*h - 6 = -4*m, 5*m + 0 - 2 = -h. Suppose m = -3*i - i + 196. Does 13 divide i - (-2 - -3)*0?
False
Let a be (-18 - -18) + 4*1. Suppose -4*p - 161 = -3*i, -a*i + 3*i + 55 = -p. Is 10 a factor of i?
False
Suppose -5*t = -h - 22, -3*h + 6*h + 4*t - 29 = 0. Suppose o - 2*x = x - h, -5*o = 3*x + 15. Let m(z) = -2*z**3 - z**2 + 2*z + 1. Does 8 divide m(o)?
True
Let h = 359 + -66. Does 14 divide h?
False
Let t(q) = -q**3 - 14*q**2 - 7*q + 57. Let g be t(-14). Let n(s) = 11*s**2 + 5*s + 3. Let f be n(-3). Let p = g - f. Is 21 a factor of p?
False
Let s be ((-7)/(21/(-195)))/(-1). Suppose -z + 151 = 46. Let q = z + s. Does 9 divide q?
False
Suppose 39*u = -2*u + 139810. Is u a multiple of 62?
True
Let d = 21 + -37. Let v(u) = u**3 + 18*u**2 + 18*u + 12. Is 30 a factor of v(d)?
False
Suppose 2*v + 269 = -3*x - 429, -v = -2*x - 470. Let i = -114 - x. Is 30 a factor of i?
True
Suppose 5*s - 272 + 10 = 3*o, 2*o = 4*s - 208. Is s a multiple of 3?
False
Suppose 27394 = 30*w - 5036. Is 47 a factor of w?
True
Suppose 5*t - 21 = -3*s - 0*t, -3 = -3*s + t. Suppose -3*z + 8 = -4, -s*r - 3*z = -126. Suppose 2*u - r - 73 = 0. Is 27 a factor of u?
False
Let d be 79/9 - (-2)/9. Let y = -7 + d. Let f(l) = 2*l**3 - 2*l**2 - l - 2. Is 3 a factor of f(y)?
False
Let n be 1 + 27/(-21) - 4008/84. Let f = n - -122. Does 31 divide f?
False
Let j(x) = 1421*x**3 - x**2 - 2*x + 2. Is j(1) a multiple of 10?
True
Suppose -9*r + 5399 = 5*c - 13*r, -4328 = -4*c + r. Does 72 divide c?
False
Let t = -92 - -142. Suppose 0*s + 16 = 4*s + 4*q, -t = -5*s + q. Does 3 divide s?
True
Let i = -7 - 1. Let p be ((-36)/i + -1)*46. Let k = p + -97. Is k a multiple of 20?
False
Suppose -5*k - s = -1948, 121 - 127 = 3*s. Does 13 divide k?
True
Suppose 4*n = 0, 4*n = 4*i - 20 - 4. Suppose 2*t - i*t = -12. Suppose -3*m + 5*k = -117, -2*m - t*k = -7*m + 179. Is m a multiple of 17?
True
Suppose -20 = -4*h - 6*l + 3*l, 5 = h - 2*l. Suppose -b + h*b - 24 = 0. Suppose b*j - 30 = 3*j. Is j a multiple of 6?
False
Suppose 0 = 3*j - 5 - 139. Let y be (j/2)/4 + -4. Suppose -y*m = -6*m + 288. Is 12 a factor of m?
True
Suppose -8 = -25*k + 21*k. Let s(z) = -4*z + 5. Let m be s(k). Is 20 a factor of (-522)/(-9) + (-1 - m)?
True
Suppose -20*p = -12005 - 3275. Is p a multiple of 26?
False
Let t = 3454 - 608. Is t a multiple of 13?
False
Let q(u) = -5*u + 2 + 0 - u**3 - 6*u**2 + 1. Let r = 5 - 10. Is q(r) a multiple of 2?
False
Suppose -2*y + 212 = 3*a, -2*a - 135 = -y - 22. Suppose 116 = r + 4*v, 3*v + y = 3*r - 179. Is r a multiple of 10?
True
Suppose u = -52 - 53. Let v be (-1)/(110/u + 1). Suppose -b = -4*j - v, 2*j - 11 = -b + 4. Is 14 a factor of b?
False
Let q = -67 + 85. Let i(j) = 2*j**2 - 29*j. Does 14 divide i(q)?
True
Suppose -5*p - 4 = -2*g, -7*g - 5 = 4*p - 8*g. Let y(u) be the third derivative of u**5/30 + u**4/12 + u**3/2 - u**2. Does 5 divide y(p)?
False
Let o(p) = p**3 - 2*p - 1. Let h be o(4). Suppose h = t + 6. Is 9 a factor of t?
False
Let y = -2 + 2. Suppose 2*p - 5*p + 93 = y. Is p a multiple of 31?
True
Let x(p) = 4*p + 50. Let r be x(27